 digit of 17615?
5
What is the units digit of 6158?
8
What is the hundreds digit of 4085?
0
What is the units digit of 63529?
9
What is the tens digit of 365?
6
What is the units digit of 4798?
8
What is the units digit of 481?
1
What is the thousands digit of 23055?
3
What is the tens digit of 1507?
0
What is the tens digit of 1718?
1
What is the hundreds digit of 9815?
8
What is the hundreds digit of 2736?
7
What is the hundreds digit of 13342?
3
What is the tens digit of 32878?
7
What is the hundreds digit of 384?
3
What is the tens digit of 1230?
3
What is the ten thousands digit of 12785?
1
What is the thousands digit of 4360?
4
What is the tens digit of 7654?
5
What is the hundreds digit of 112?
1
What is the hundreds digit of 5049?
0
What is the hundreds digit of 3876?
8
What is the hundreds digit of 650?
6
What is the units digit of 634?
4
What is the thousands digit of 42165?
2
What is the hundreds digit of 556?
5
What is the ten thousands digit of 20077?
2
What is the units digit of 4042?
2
What is the tens digit of 675?
7
What is the units digit of 24380?
0
What is the thousands digit of 2986?
2
What is the units digit of 2683?
3
What is the units digit of 30996?
6
What is the tens digit of 71770?
7
What is the tens digit of 22106?
0
What is the tens digit of 79672?
7
What is the tens digit of 3709?
0
What is the tens digit of 6869?
6
What is the tens digit of 4586?
8
What is the units digit of 262?
2
What is the tens digit of 710?
1
What is the tens digit of 346?
4
What is the units digit of 2064?
4
What is the thousands digit of 32936?
2
What is the ten thousands digit of 14518?
1
What is the tens digit of 227?
2
What is the thousands digit of 93278?
3
What is the thousands digit of 10026?
0
What is the thousands digit of 8759?
8
What is the hundreds digit of 669?
6
What is the tens digit of 75309?
0
What is the thousands digit of 1430?
1
What is the units digit of 94365?
5
What is the thousands digit of 6649?
6
What is the thousands digit of 75402?
5
What is the hundreds digit of 987?
9
What is the units digit of 699?
9
What is the tens digit of 5711?
1
What is the units digit of 2361?
1
What is the thousands digit of 8588?
8
What is the tens digit of 608?
0
What is the units digit of 847?
7
What is the hundreds digit of 999?
9
What is the units digit of 88356?
6
What is the thousands digit of 2171?
2
What is the ten thousands digit of 16282?
1
What is the hundreds digit of 209?
2
What is the units digit of 14350?
0
What is the thousands digit of 52432?
2
What is the units digit of 68416?
6
What is the hundreds digit of 171?
1
What is the tens digit of 5740?
4
What is the hundreds digit of 31300?
3
What is the units digit of 2625?
5
What is the units digit of 2173?
3
What is the units digit of 271?
1
What is the units digit of 27450?
0
What is the hundreds digit of 116293?
2
What is the hundreds digit of 2766?
7
What is the units digit of 689?
9
What is the tens digit of 147365?
6
What is the hundreds digit of 24663?
6
What is the tens digit of 581?
8
What is the hundreds digit of 56458?
4
What is the hundreds digit of 121421?
4
What is the ten thousands digit of 17819?
1
What is the tens digit of 1321?
2
What is the thousands digit of 10302?
0
What is the thousands digit of 1215?
1
What is the thousands digit of 4153?
4
What is the tens digit of 66232?
3
What is the hundreds digit of 17838?
8
What is the hundreds digit of 1314?
3
What is the thousands digit of 49087?
9
What is the tens digit of 8656?
5
What is the units digit of 1249?
9
What is the units digit of 13892?
2
What is the hundreds digit of 7020?
0
What is the ten thousands digit of 49343?
4
What is the units digit of 71610?
0
What is the units digit of 136542?
2
What is the thousands digit of 3553?
3
What is the thousands digit of 38810?
8
What is the units digit of 13566?
6
What is the units digit of 4676?
6
What is the units digit of 19592?
2
What is the tens digit of 3842?
4
What is the thousands digit of 2256?
2
What is the tens digit of 13128?
2
What is the tens digit of 844?
4
What is the tens digit of 17954?
5
What is the tens digit of 39903?
0
What is the tens digit of 16269?
6
What is the tens digit of 1758?
5
What is the tens digit of 1052?
5
What is the tens digit of 26382?
8
What is the hundreds digit of 3462?
4
What is the hundreds digit of 3687?
6
What is the units digit of 2743?
3
What is the thousands digit of 30857?
0
What is the thousands digit of 9477?
9
What is the tens digit of 607?
0
What is the ten thousands digit of 81732?
8
What is the hundred thousands digit of 155703?
1
What is the tens digit of 555?
5
What is the tens digit of 521?
2
What is the units digit of 5674?
4
What is the ten thousands digit of 17541?
1
What is the thousands digit of 129753?
9
What is the units digit of 1447?
7
What is the units digit of 2684?
4
What is the hundred thousands digit of 103674?
1
What is the ten thousands digit of 23023?
2
What is the thousands digit of 1554?
1
What is the thousands digit of 31826?
1
What is the tens digit of 43531?
3
What is the tens digit of 10015?
1
What is the hundreds digit of 4540?
5
What is the thousands digit of 67229?
7
What is the tens digit of 115938?
3
What is the hundreds digit of 638?
6
What is the thousands digit of 14372?
4
What is the thousands digit of 167160?
7
What is the units digit of 450?
0
What is the thousands digit of 61658?
1
What is the ten thousands digit of 18219?
1
What is the hundred thousands digit of 139888?
1
What is the hundreds digit of 50581?
5
What is the tens digit of 1056?
5
What is the units digit of 409?
9
What is the hundreds digit of 7036?
0
What is the units digit of 6133?
3
What is the hundreds digit of 6184?
1
What is the hundred thousands digit of 100403?
1
What is the thousands digit of 4896?
4
What is the hundreds digit of 133174?
1
What is the thousands digit of 15501?
5
What is the units digit of 13552?
2
What is the units digit of 39462?
2
What is the thousands digit of 10699?
0
What is the thousands digit of 1540?
1
What is the units digit of 99802?
2
What is the units digit of 33029?
9
What is the tens digit of 130?
3
What is the thousands digit of 9398?
9
What is the hundreds digit of 133?
1
What is the tens digit of 107859?
5
What is the tens digit of 1968?
6
What is the units digit of 25569?
9
What is the thousands digit of 4411?
4
What is the units digit of 32750?
0
What is the hundreds digit of 910?
9
What is the units digit of 19565?
5
What is the units digit of 167?
7
What is the tens digit of 1646?
4
What is the units digit of 819?
9
What is the hundreds digit of 2687?
6
What is the units digit of 518?
8
What is the thousands digit of 69834?
9
What is the hundreds digit of 3611?
6
What is the hundreds digit of 100648?
6
What is the thousands digit of 92133?
2
What is the ten thousands digit of 49475?
4
What is the units digit of 2216?
6
What is the thousands digit of 1047?
1
What is the tens digit of 542?
4
What is the hundreds digit of 83146?
1
What is the hundreds digit of 4780?
7
What is the units digit of 290?
0
What is the ten thousands digit of 204220?
0
What is the units digit of 8?
8
What is the thousands digit of 3665?
3
What is the thousands digit of 1348?
1
What is the tens digit of 113321?
2
What is the ten thousands digit of 19282?
1
What is the thousands digit of 2598?
2
What is the hundreds digit of 2147?
1
What is the hundreds digit of 14229?
2
What is the thousands digit of 30352?
0
What is the tens digit of 1094?
9
What is the thousands digit of 88974?
8
What is the ten thousands digit of 20174?
2
What is the hundreds digit of 322?
3
What is the thousands digit of 9335?
9
What is the thousands digit of 20409?
0
What is the tens digit of 1493?
9
What is the tens digit of 6946?
4
What is the tens digit of 751?
5
What is the units digit of 565?
5
What is the thousands digit of 28724?
8
What is the units digit of 95008?
8
What is the tens digit of 127792?
9
What is the units digit of 1328?
8
What is the tens digit of 2803?
0
What is the units digit of 3874?
4
What is the tens digit of 964?
6
What is the units digit of 3867?
7
What is the hundreds digit of 1297?
2
What is the hundreds digit of 16970?
9
What is the hundreds digit of 137?
1
What is the ten